e?
True
Suppose n + 5*p + 2 - 4 = 0, -5*n + p - 42 = 0. Is (n/(-3))/(4/6) prime?
False
Let l(h) = -86*h + 67. Is l(-32) a prime number?
True
Let x(k) = k**2 + 5*k + 5. Let b be x(-5). Suppose 5 = -b*u, -225 + 90 = 3*a - 3*u. Let h = a - -333. Is h prime?
False
Let j(x) = -x - 2. Let t be j(-5). Let p(g) = g**2 - 11*g + 6 - 14*g**2 - g + 0*g - g**t. Is p(-12) prime?
False
Let p(n) = 1. Let b(z) = 2*z - 8. Let d(h) = b(h) + 3*p(h). Let r be d(4). Let o(g) = -g**2 + 5*g + 1. Is o(r) a composite number?
False
Let x = 78 - 52. Let s = -13 + x. Suppose 2*v + 3 = s, -130 = -4*o + 2*v. Is o prime?
False
Let g = 104 + 45. Is g prime?
True
Let s = -5 - -5. Suppose s*w - 3*w + 327 = 0. Is w a composite number?
False
Suppose 0 = y - 6*y + 30. Suppose y*h - 4*o = 2*h + 164, -o - 84 = -2*h. Is h a prime number?
True
Let g(q) = -5 + 6*q**3 + 4 + 10 - 4 - 6*q**2. Is g(4) a prime number?
True
Let c be 3/2*(-8)/(-3). Let k(u) = 0*u + 0*u - 1 + c*u. Is k(6) a composite number?
False
Let u(l) = 4*l**2 - 3*l + 3. Let w be u(2). Suppose -w = -c + 6. Is c a prime number?
True
Suppose -6*d + 465 = -d. Suppose 3*a = -2*a - g + d, 3*a - g - 59 = 0. Is a a prime number?
True
Let x be (-16)/(-56) - (-2665)/7. Is x/(-3)*1*-1 a prime number?
True
Suppose -g - s = -211, -2*g + 633 = g + s. Is g a prime number?
True
Let v(p) = -p**3 - 3*p**2 + 4*p + 4. Let f be v(-4). Suppose -4*b - 852 = 2*u, b - 2163 = u + f*u. Is (-5)/25 - u/10 composite?
False
Let s = 362 - 203. Suppose m = -4*a + s, -135 = m - 2*m + 2*a. Is m a composite number?
True
Let c(a) = 15*a**2 + 2*a + 1. Let h be c(-2). Suppose -5*i - 32 = -142. Let t = i + h. Is t prime?
True
Let z = 96 - 220. Let v = z + 64. Is (v/18)/(4/(-42)) prime?
False
Let s = 6317 - 3222. Is s a composite number?
True
Let a(p) = -p + 3 - 6 + 3*p**2 + 2. Is a(-9) a prime number?
True
Let s = 11 - 7. Suppose 125 = 3*h + s*p, 4*p = 5*h - 32 - 219. Is h composite?
False
Is (-4)/(-2) - 4345/(-5) a composite number?
True
Suppose 2*w + 79 - 287 = 0. Suppose 3*h = 133 + w. Is h prime?
True
Let i be (-40)/(-22) + 10/55. Let a be (-22)/(-8) + (-1)/(-4). Suppose -37 = i*u - a*u. Is u a composite number?
False
Suppose 0*q - 109 = -3*q - 2*x, -4*x + 78 = 2*q. Is q composite?
True
Suppose -4*b + 4*l = 0, 3*l + 20 = -b + 8*l. Suppose -b*q - d = -6*d - 435, 5*q = 3*d + 443. Is q a prime number?
False
Suppose -4*j = -1267 - 1017. Is j prime?
True
Is 404/((-4)/(-12) - 10/(-6)) a composite number?
True
Is ((-932)/10)/((-10)/25) composite?
False
Let o = 210 + -404. Let q = -132 - o. Is q composite?
True
Let f = -416 - -1983. Is f prime?
True
Suppose 3*y - 22 = -4*s, 0*y + 15 = 3*s + 3*y. Is s composite?
False
Suppose -p = -2, -5*g + 4*p + 1863 = 3*p. Is g composite?
False
Let v(q) = q + 2*q + 3*q - 3 + 2*q**2. Is v(-7) a composite number?
False
Suppose 18 = 5*x - 32. Let s(z) = 3*z**2 + 2*z + 15. Let a be s(9). Is a/20 - (-2)/x prime?
False
Let k(i) = 97*i**3 + i**2 + i. Let m be k(-1). Is -1*(-1 - -2)*m a prime number?
True
Let n(o) = 6*o**2 - 7. Let w(g) = -18*g**2 + g + 20. Let k(c) = -17*n(c) - 6*w(c). Is k(-6) composite?
False
Let u be (-1)/(-1)*(-1 - 7). Let a = 87 - u. Is a a prime number?
False
Suppose 3*k - 82 = z - 215, -4*z = -4*k - 564. Is z prime?
False
Let u be (-11 - -10)/(2/(-6)). Suppose x + 0*f - 27 = -2*f, -u*f - 130 = -4*x. Is x prime?
True
Suppose j = -5*m - 385, -m - 3*j - 41 = 50. Let p = 131 + m. Suppose -d + p = -74. Is d a composite number?
True
Let x = 3 - 8. Let p be 20/x - (-2)/1. Is (2/2)/(p/(-526)) composite?
False
Let u(y) = y**2 - y + 111. Let m be u(0). Let j = -60 + m. Is j a prime number?
False
Is 1 - 1 - (-2 + -353) a prime number?
False
Suppose -2*f = -5*h - 24, 3*f - 2*f - 5*h - 22 = 0. Suppose 0 = -f*s + n + 129, -5*s + 208 + 137 = 2*n. Is s a composite number?
False
Suppose -6*c + c = 3*m - 9229, -4*c + 7398 = -5*m. Is c a composite number?
False
Let p(a) be the second derivative of -4*a**6/15 + a**4/24 + 2*a**2 - 3*a. Let r(t) be the first derivative of p(t). Is r(-1) a composite number?
False
Suppose 3*g = 6*g - 6. Suppose -2*s + 66 = -4*c + 6, 0 = -4*s - g*c + 80. Is s a prime number?
False
Is (-2)/(-13) - 21780/(-52) composite?
False
Suppose 0 = 6*n - 2*n - 892. Is n composite?
False
Let c = 14 - 7. Let x = 0 + c. Is x a prime number?
True
Let i(m) = 13*m - 17. Is i(12) prime?
True
Let n(u) = u**2 + 5. Suppose w + 4 = 4*r + 1, 4 = 2*w - 3*r. Let m(p) = p**2 - 6*p + 1. Let x be m(w). Is n(x) a prime number?
False
Suppose -5*n = -2*n + 48. Let b be (1 + 0)/((-6)/(-18)). Let s = b - n. Is s a prime number?
True
Let p(t) = -t**3 - 3*t**2 + 2*t - 3. Let o be p(-4). Is o/(-25) - 156/(-5) a composite number?
False
Suppose 6*v - 3*v = 6. Suppose 4*x + 5 - 1 = 0, -v*h = x - 51. Suppose 0 = -i + 21 + h. Is i a prime number?
True
Suppose p = 22 + 56. Let f be p/(((-9)/6)/(-1)). Suppose 0 = 3*o - o - f. Is o a composite number?
True
Let y(r) be the first derivative of -r**3 + 3*r**2/2 - 5*r - 1. Let x be y(5). Let m = x + 102. Is m a prime number?
True
Suppose -42 = -7*b + 2*b - 4*c, -33 = -5*b - c. Let n = -4 + b. Suppose n*s - 27 = -5. Is s composite?
False
Suppose u = 6*u - 50. Suppose -4*i + u = 3*w - 12, -w + i + 5 = 0. Let j(o) = 3*o - 7. Is j(w) a composite number?
False
Is 15990/10*(1/3)/1 prime?
False
Let m(j) = -j**2 + 6*j + 5. Let q be m(6). Suppose 0 = q*r + 18 + 17. Let u = 3 - r. Is u a composite number?
True
Suppose 14 = -u + 8*v - 4*v, 4*v = 2*u + 16. Let a(k) = 49*k**2 - 3*k - 1. Let q be a(u). Suppose 0*o + 3*o = q. Is o composite?
False
Let w(h) = -h**3 + 2*h**3 + 3*h**2 - 3 - 6*h + 0. Let x be w(-4). Suppose -2*f + 2*a - 3*a = -37, a - 94 = -x*f. Is f a prime number?
True
Let q be (-238)/(-8) + (-6)/(-24). Let h be (-312)/(-10) - 6/q. Suppose 5*t - 4*t - h = 0. Is t composite?
False
Let q(a) = -211*a. Is q(-1) composite?
False
Suppose -3*k + 9 = 0, -5*j - 6*k = -k - 705. Let t = -49 + j. Is t a composite number?
False
Let a = 70 + 57. Is 3*(0 + a/3) composite?
False
Let x be (-8)/6*(12 + -6). Is (-56)/x*(18 - 1) prime?
False
Suppose -5*b - 4*u + 2335 = 0, 5*u = 2*b - 124 - 810. Is b composite?
False
Let b(p) = -2*p - 3. Let l be b(-2). Let c be (4/(-6))/(l/(-108)). Suppose -2*i - 6 = -c. Is i a composite number?
True
Suppose 4*i + 2 = 2*u, 0 = -2*u - 0*i + 5*i + 1. Suppose -t = 2*x - 9, 4*t - 4*x + u = -9. Is 34 + 1 + t + -1 a composite number?
True
Let i = 3365 - -276. Is i a composite number?
True
Let b(t) be the third derivative of 11*t**4 - 13*t**3/6 + 2*t**2. Is b(4) composite?
True
Let u(r) = 87*r**3 - 4*r**2 + 4*r - 3. Let j be u(2). Is j - 3/(3/2) a prime number?
True
Let i = -913 - -2252. Let o = 21 - 12. Is i/o + 4/18 a composite number?
False
Is 1 - -669*6/9 a composite number?
True
Let z(d) = 3*d**2 + 47*d + 44. Let h(c) = c**2 + 16*c + 15. Let g(k) = 17*h(k) - 6*z(k). Suppose 26*n - 24*n + 16 = 0. Is g(n) a composite number?
False
Let c(i) = 6*i**2 - 2*i + 1. Let a be c(1). Suppose -a*o + 635 = 3*v, 3*v = -o - 3*o + 637. Is v a prime number?
False
Suppose 5*r = 2*b + 2211, -r - 4*b - 18 + 469 = 0. Is r a prime number?
True
Let x(f) = 2*f - 6. Let i be x(4). Let h(p) = 10*p - 4. Let v(k) = 10*k - 3. Let u(a) = -2*h(a) + 3*v(a). Is u(i) a composite number?
False
Let l = 423 + -124. Suppose -2*u + l = -u. Is u a prime number?
False
Let m(t) = -13*t**2 - t - 1. Let j be m(-2). Let g = j + 90. Is g a prime number?
False
Suppose 0 = l + 4 - 1. Is 6/l - 1245/(-5) a composite number?
True
Let l be (-7)/2*(-8)/4. Let d(v) = -2*v**2 + 5*v + 10. Let f be d(l). Let b = f + 79. Is b a composite number?
True
Suppose d - 695 = -177. Suppose -j - d = 5*s, 0*s - 3*s = -2*j + 316. Let l = s - -231. Is l a composite number?
False
Is 94 + 4/(16/12) a composite number?
False
Suppose 2*w - c - 32 = 0, -5*c + 26 = 4*w - 24. Is w a composite number?
True
Let v(l) = l**2 - 5*l + 4. Let z be -12 - (0 + 0)/(-2). Let w = -6 - z. Is v(w) a composite number?
True
Let d(f) = -174*f - 3. Is d(-3) composite?
True
Let s = 18 - 13. Suppose s*h = 149 + 26. Is h prime?
False
Let g(k) = -60*k**3 - 2*k**2 + 1. Let q be g(1). Let h(s) = -2*s**3 + 2*s**2 - 5*s. Let b be h(4). Let v = q - b. Is v prime?
False
Let x(m) = 45*m + 9. Let d be x(-4). Let q = d + 362. Is q a composite number?
False
Suppose -5 = -5*c, -5*j = -j - c - 